Let r be (-240)/12 - 10/2. Is h(r) a multiple of 55?
False
Suppose -6 = -i, 0 = q - i + 7*i - 4822. Is q a multiple of 10?
False
Suppose 237 - 3 = 18*v. Suppose -v*x + 29*x = 3920. Is x a multiple of 33?
False
Suppose -6 = -3*s - 0*s. Suppose 8 = 4*y + d - 4, 0 = -3*y - 2*d + 14. Suppose -5*c + 212 = 4*l, s*c + y*l = 91 - 5. Is 40 a factor of c?
True
Suppose y - q - 1 = 3, -5*y - 2*q = -27. Suppose -y = 8*f - 37. Suppose 0 = 2*j - f*j + n + 107, -5*n + 125 = 2*j. Does 11 divide j?
True
Suppose 3*z = -3*n + 2172, -2*n - 3*z + 2894 = 2*n. Suppose 15*r + 4*r - n = 0. Does 2 divide r?
True
Let h = 3590 - 3591. Let p(b) be the first derivative of -73*b**4/4 - b**3/3 + b**2/2 + b - 2. Is 9 a factor of p(h)?
True
Suppose 4*w - 89 - 291 = 0. Let f = 64 + w. Let o = f + -78. Is o a multiple of 11?
False
Suppose -4*f + 0 + 12 = 0. Suppose -232 = -f*r - 142. Does 10 divide r?
True
Suppose 833 + 447 = -5*r. Let k = 409 + r. Is k a multiple of 3?
True
Suppose -5*i + 26748 = -5552. Does 11 divide i?
False
Suppose 0 = 5*m, -k = 2*m - 6*m - 16. Let u(w) = 1 + k + 3*w**2 - 4 + 1 + 5*w. Does 46 divide u(-6)?
True
Let y be (3/(-3))/(10/(-20)). Let p = -10 - -7. Does 5 divide (p/(24/52))/((-1)/y)?
False
Let w(y) = 5405*y + 461. Does 221 divide w(2)?
True
Let l(g) = -2*g**2 - 10*g + 23. Let x be l(-6). Suppose -727 + 4423 = x*j. Is j a multiple of 14?
True
Suppose k - 27 = -22. Suppose -4*j + 252 = 5*z - z, 0 = k*z + 4*j - 312. Is 21 a factor of z?
False
Let x = -956 - -1540. Let q = x + 376. Does 30 divide q?
True
Let p(q) = -19 + 8*q + q + 0*q - q**2 + 14. Let h be p(8). Let g(t) = 35*t + 5. Is 10 a factor of g(h)?
True
Let i(a) = a**2 + 3*a - 30. Let f be i(-7). Is (6 - 51*f)*(-2 - -3) a multiple of 4?
True
Is 2615 - ((1 + 7 - 4) + -4) a multiple of 33?
False
Let r be -8 + 116/14 - (-24)/14. Suppose -3*s - 537 = -4*s + r*c, s - c - 538 = 0. Is s a multiple of 18?
False
Suppose 5*z - 6*f = -3*f + 26, -2 = f. Does 27 divide (z/(-5))/((-18)/25380)?
False
Suppose -5*k = 3*k - 264. Let p be (-12 + 3)/(63/k - 2). Suppose -3*z + 0*z = -p. Does 33 divide z?
True
Let r be -6 - -12 - (-3 + 12). Let v(n) = 9*n - 113*n - 3 + 0. Is 25 a factor of v(r)?
False
Let f(d) = 47*d**2 + 276*d - 21. Is f(-12) a multiple of 15?
True
Suppose x - 5305 = -p, 5*x + 2*p - 26489 = 6*p. Is x a multiple of 7?
False
Let s = -88 + 97. Is 9 a factor of s/(-5 + 530/105)?
True
Let f(j) = j**3 - 12*j**2 - 5*j - 3. Let r be f(12). Let b = -64 - r. Is 6 - 10 - (-2 - (-240)/b) a multiple of 17?
True
Let j(a) = -2*a + 8. Let o be j(4). Suppose -5*b - 18*p + 2832 = -15*p, -p + 4 = o. Is 13 a factor of b?
False
Is 695 + -11 - -5 - 13 even?
True
Is 3/((-3)/(-9) + 2305/(-7050)) a multiple of 28?
False
Let r(c) be the first derivative of c**3/3 + 15*c**2/2 - 39*c + 68. Is 19 a factor of r(-26)?
True
Suppose 0 = b + 5 - 7. Suppose 0 = 10*m - b*m + 1424. Is 13 a factor of 21/28 + m/(-8)?
False
Let b = -18 - -14. Let j(z) = -2*z**2 - 10*z - 4. Let s be j(b). Suppose 5*o + 3*f = 6*f + 390, 234 = 3*o - s*f. Does 10 divide o?
False
Is 52 a factor of (14/10 - 1)/(-7 + (-128313)/(-18330))?
True
Let r(f) = 4*f**2 + 175*f + 538. Is r(-52) a multiple of 22?
False
Suppose -32 = 5*z + 8. Let t(s) = -s**3 + 4*s**2 + 13*s + 24. Let b be t(7). Is z/b - 102/(-8) a multiple of 9?
False
Let z = -17487 - -25971. Does 202 divide z?
True
Let u(m) = 11*m**2 - 24*m - 183. Let j be (-11 + 3)*(23 + -22). Is u(j) a multiple of 30?
False
Suppose -3*j = 12, 0*p - 2*p + 3*j = -138. Let z = -99 + p. Does 3 divide ((-1)/(6/(-16)))/((-6)/z)?
False
Let c(l) = 11*l**2 - 72*l + 1804. Is 13 a factor of c(23)?
True
Let c = -168 - -291. Let v = c + -72. Is v a multiple of 11?
False
Suppose -13*u + 2751 + 421 = 0. Suppose -9*s = -215 - u. Does 17 divide (0 - s/12)*5*-4?
True
Suppose 0*u + 4*r = -3*u + 185324, -2 = 2*r. Suppose u = 65*d + 7*d. Is 32 a factor of d?
False
Let z(o) = o + 2. Suppose 4*g = 20, 4*h - 15 = g - 4*g. Let j be z(h). Suppose -3*w - 399 = -j*f, f - 573 = -2*f - 4*w. Is 8 a factor of f?
False
Suppose 113 = -5*z + 103. Let p = 100 - 550. Does 5 divide (p/(-15))/(-1 - z)?
True
Suppose 4*k - 3*s = 39 + 14, 4*k - 29 = -5*s. Let c = -9 + k. Suppose -2*d + 54 = -3*a, 5*a + 126 = 5*d + c*a. Is d a multiple of 4?
True
Suppose -3458 - 6487 = -85*i. Does 9 divide i?
True
Suppose 18*m - 6551 = -701. Let n = -154 + m. Is n a multiple of 19?
True
Let v(m) = -41*m + 1091. Is 4 a factor of v(24)?
False
Suppose 435*o + 197500 = 485*o. Does 38 divide o?
False
Let q(o) = -o**2 + 13*o + 5. Let d(f) = -13*f - 4. Let h(t) = -3*d(t) - 2*q(t). Let g(v) = -v**2. Let k(w) = -3*g(w) - h(w). Is 22 a factor of k(18)?
True
Let z(c) = -56*c + 66. Let m(l) = 2*l - 2. Let q(y) = -3*m(y) - z(y). Is 28 a factor of q(4)?
True
Let z = 45 - 305. Let r = -145 - z. Does 16 divide r?
False
Let h(v) = 1283*v**2 + 1008*v - 3035. Is 32 a factor of h(3)?
False
Let f = 4400 - -1680. Is 58 a factor of f?
False
Suppose 3*z = -4*w - 2*z + 157375, 2*z - 78690 = -2*w. Does 50 divide w?
True
Suppose -12 = -3*k, 0 = -3*v + 2*k - k + 35. Suppose -21*l = -v*l - 2688. Does 24 divide l?
True
Let r(k) = 5*k**3 + 10*k**2 + 28*k + 4. Let z(v) = 14*v**3 + 31*v**2 + 84*v + 11. Let j(w) = -11*r(w) + 4*z(w). Is 11 a factor of j(-11)?
True
Let b = -297 + 313. Suppose 0 = b*m - 12*m - 436. Is m a multiple of 5?
False
Suppose 5*k + 0*a = -4*a + 1064, -4*a + 640 = 3*k. Let p be (-94)/(-14) - 4/(-14). Suppose -k = -p*c + 152. Is 13 a factor of c?
True
Let o be ((-55)/(-110))/((-2)/(-1284)). Suppose o*p + 4416 = 333*p. Is p a multiple of 23?
True
Suppose q = -16 + 22. Let o(p) = 9*p**2 + 10*p - 8. Let f be o(q). Suppose -f = -7*s + 1094. Is s a multiple of 28?
False
Suppose -47278 = -12*t + 175562. Is 20 a factor of t?
False
Let y(s) = -2241*s**3 - 2*s**2 - 3*s - 2. Let v be y(-1). Suppose 43*g - 50*g = -v. Is 5 a factor of g?
True
Let n(y) = -2*y - 32. Suppose 5*g - 6*w + 85 = -11*w, 5*g + 78 = 2*w. Let l be n(g). Suppose l = 2*x + 6*x - 640. Does 22 divide x?
False
Let y = 7286 - 4842. Is y a multiple of 30?
False
Suppose 0 = 18*a - 11*a. Suppose 0 = -a*n + 2*n - 154. Is n a multiple of 11?
True
Suppose 3*n + 3*y + 8 = 7*n, 3*y = n - 2. Let u be (-4)/n*5/((-20)/6). Suppose 6*x - 75 = u*x. Does 11 divide x?
False
Suppose 0 = s - q + 5*q - 115, 2*q = 3*s - 401. Let x = s + -128. Suppose -x*d = -6*d + 285. Does 29 divide d?
False
Suppose -31*p + 26*p - 22*q = -36166, 5*p + 5*q - 36115 = 0. Is p a multiple of 10?
True
Let b be 19404/12 + -1*3. Suppose 0 = 83*v - 77*v - b. Is 23 a factor of v?
False
Let x be (102/12 + -6)/((-2)/(-4)). Suppose -5*q - 5*i = -1505, 0 = -x*i - 13 - 7. Is 11 a factor of q?
False
Let l = 3594 + -1996. Is l a multiple of 15?
False
Let k(p) = 3074*p**2 - 278*p + 5. Is 13 a factor of k(-2)?
True
Let w = 48989 - 31133. Does 288 divide w?
True
Suppose 8*v = 3*v + 2*l + 7, l - 4 = 0. Let u(j) = 4*j + 15 - 4*j - 5*j - v*j. Is 19 a factor of u(-8)?
False
Let b(f) = 11350*f**2 + 54*f - 2. Does 7 divide b(-1)?
False
Suppose -2*w + 68 = -2*c, 1 = -w + 3*c + 43. Let d = w - -180. Is 26 a factor of d?
False
Suppose -3*a - 2*p + 6*p = -24500, -a + 5*p = -8163. Suppose -9*o - 1688 = -a. Is 23 a factor of o?
False
Suppose -71962 - 131111 = -33*s + 307470. Does 53 divide s?
False
Let l(s) = 3*s**3 + s**2 + 2*s - 2. Suppose 17*k = 15*k - 16. Let d be (k/6)/2 + 56/21. Is 5 a factor of l(d)?
True
Let y(q) = q**3 - 4*q**2 + 3*q - 4. Let o be y(3). Let t be 3 - ((-1)/(-7) - o/(-28)). Suppose 0 = -3*s + t, -3*a + 8*a - 2*s - 188 = 0. Is 38 a factor of a?
True
Suppose 335*d - 132*d = 2891735. Is d a multiple of 5?
True
Let o be (-14)/4*(-48)/(-28). Let k be ((-9)/o)/(7/14). Suppose 0*t = 3*h - t - 505, 501 = 3*h + k*t. Is 17 a factor of h?
False
Suppose -3*g = -3403 - 788. Suppose -8*z + g = -1147. Let k = z + -217. Is k a multiple of 13?
False
Let d be (-18)/(-45) - 1556/(-10). Suppose -95*t = -93*t - d. Let s = t + -43. Is 7 a factor of s?
True
Suppose -5*s = 3*u - 6579, s + s - 4*u = 2642. Let j = s - 928. Does 37 divide j?
False
Let z(w) be the first derivative of -63*w**2 + 7*w + 1. Let c(m) = m**3 - 5*m**2 + 30*m - 217. Let j be c(6). Is 37 a factor of z(j)?
False
Suppose 0*v + 32*v = -9*v + 1155503. Is v a multiple of 33?
False
Is (5998/(-16) - 120/(-192))*8/(-3) a multiple of 2?
